 Suppose -5*v = -d - 5, -3 - 15 = -4*v - 2*d. Suppose v*m + 4 = 6*m. What are the prime factors of q(m)?
2, 3
List the prime factors of (-3 + 57/21)*-14.
2
Let x = 354 + -209. List the prime factors of x.
5, 29
Suppose 4*t = 5*v - 232, v + t - 4*t = 42. Suppose 0*s + v = 3*s. List the prime factors of s.
2
Suppose -3*i + 2*i + 5 = 0. Let u = i - 3. Suppose 10 = u*x - 4. List the prime factors of x.
7
Let m(j) = 2*j**3 - 8*j**2 + 5*j - 7. What are the prime factors of m(5)?
2, 17
Let s = 5 + -7. Let u = s - -6. Let t = 8 - u. List the prime factors of t.
2
Let m = 4 + -2. Suppose m*i + i = -4*q + 78, -3*i = 5*q - 81. List the prime factors of i.
2, 11
Suppose 8*o - 3*o = 1405. List the prime factors of o.
281
List the prime factors of 0 + (3 - -128) - 3.
2
Let y(h) = h**3 + 9*h**2 + 7*h - 6. List the prime factors of y(-7).
43
Let p = 4 + -2. Suppose -6 = -3*q + q. Suppose -q*h = p*h - 70. List the prime factors of h.
2, 7
Let h = -6 - -9. Let k(l) = -l**2 + 2*l + 2. Let q be k(h). Let p = 6 - q. List the prime factors of p.
7
Let i = -15 - -61. Suppose 18 = 2*z - 2*g, -2*g + 14 = 4*z - i. Suppose -z + 0 = -t. List the prime factors of t.
13
Suppose -3*m + 2 = 5*f, 5 - 1 = m + f. Suppose 5*p = 16 - 1, -m = -k + p. What are the prime factors of k?
2, 3
Suppose -2*z - 3*l + 203 = -17, 110 = z + 3*l. Suppose -25 = -5*a, 4*b + b - z = 2*a. List the prime factors of (32/b)/(1/9).
2, 3
Suppose 2*a = -2*a + 128. List the prime factors of a.
2
Let o(k) = k + 15. Let w be o(-11). Let l be -2 - (-3)/(6/w). Suppose v + l*v = 11. List the prime factors of v.
11
Suppose x + 2*z - 8 = 0, z - 1 - 3 = 0. Let j(d) = d**3 - 3*d**2 - 4*d - 4. Let p be j(4). Let y = x - p. List the prime factors of y.
2
Let i be 0 - (-1 - 2)/3. Let j be 1 - -6 - (-1 + i). Suppose -h + 3 = -j. List the prime factors of h.
2, 5
Suppose -3*y = -2*a - 14, -2*y - 12 = 2*y + 5*a. What are the prime factors of y*1/4*22?
11
Suppose 2*q - 6*q = 84. Suppose -2*n = -7*n - 3*i - 19, -5*n + 2 = -4*i. List the prime factors of (-3)/(q/(-12) + n).
2, 3
Suppose -3*m = 3*k - 2*k - 15, -5*k - m + 19 = 0. Suppose -3*l + 50 = k*b + l, 3*b - 38 = 2*l. List the prime factors of b.
2, 7
What are the prime factors of (-3184)/(-40) - (-2)/5?
2, 5
Let m be 4/4 - 2 - -1. Suppose m = p + 3*w - 1, -2*p - 5*w = -7*p + 85. What are the prime factors of p?
13
Let m(g) be the first derivative of g**4/4 - 7*g**3/3 - 5*g**2 + 9*g + 1. Let c be m(8). Let d(z) = z**2 + 6*z - 5. What are the prime factors of d(c)?
2
Let w(g) = 4*g**2 + 2*g - 1. Let v be w(1). Suppose 5*l - 157 = -4*k, 0 = -l + 6*l + v*k - 155. List the prime factors of l.
3, 11
Let d = -10 - -13. What are the prime factors of ((-2)/d)/((-8)/60)?
5
Let v(q) = -8*q**2 + 16*q + 1. Let w(d) = -d**2 + 2*d. Let b(k) = 6*v(k) - 51*w(k). What are the prime factors of b(4)?
2, 3, 5
What are the prime factors of 4/8*1*74?
37
Let v be (-2)/(-4) - 14/(-4). Let r be v + -2 + 2/2. Suppose 4*l - 1 = -r*y, 0 = -5*l + y + 2*y + 35. What are the prime factors of l?
2
Let r(b) = -7*b**2 + 14*b + 29. Let f(c) = -3*c**2 + 7*c + 14. Let q(p) = -5*f(p) + 2*r(p). What are the prime factors of q(10)?
2, 3
Let u be (2 - 0)/(-1 + 2). Let k = u + 1. List the prime factors of k.
3
Let h be (0/1)/(2*1). Suppose h*z - 5*z + 10 = 0. What are the prime factors of (-8)/((-3)/(-3) - z)?
2
Suppose -3*i - 2 = 2*h, -3*i - i - 5 = 5*h. Let o = 8 + h. Let s = o - 5. What are the prime factors of s?
2
Suppose 4*p = -12, 3*p = 3*m + 5*p - 93. List the prime factors of m.
3, 11
Let a(p) = p**2 + 11*p + 8. What are the prime factors of a(-11)?
2
Let n(y) = -y**3 - 9*y**2 - 8*y + 3. What are the prime factors of n(-9)?
3, 5
Let m(q) = 118*q - 8. List the prime factors of m(3).
2, 173
Let c(m) = -11*m**2 - 3*m - 4. Let x be c(3). What are the prime factors of (x/(-12))/((-4)/(-12))?
2, 7
Let w(t) = -8*t + 1 + 7*t**3 - 8*t**3 - 5 - 6*t**2. Suppose -5*j - 2*b + 11 = 26, 4*j + 40 = 4*b. List the prime factors of w(j).
11
Let t = -79 + 34. Let c = t - -74. List the prime factors of c.
29
Let o(x) = x**2 - 4*x + 4. Let t be o(2). Suppose 0*w - 4*w + 148 = t. List the prime factors of w.
37
Let v be (-2)/(-6)*-3*6. Let l(z) = -z**3 - 5*z**2 + z - 3. List the prime factors of l(v).
3
Suppose -5*i = 2*u - 4*u + 169, -3*i = 2*u + 95. Suppose 0*v + 18 = 3*v. What are the prime factors of v/i + (-70)/(-22)?
3
Suppose -7 = -2*w + 3. Let k(p) = -1 - p**2 - 5 - w*p + p - 4*p. List the prime factors of k(-5).
3
Let f(a) = 4*a**2 - 4*a - 3. Let w be f(-3). Suppose -w = -2*l + 61. What are the prime factors of l?
53
Suppose 3*i - 241 = u, 0 = -3*i + 2*u + 63 + 182. List the prime factors of i.
79
Let l(n) = 5*n - 21. What are the prime factors of l(17)?
2
Let w = -2 + 4. Let s be 2/(-9) - 218/(-9). Suppose -4*n = w*f - f - 13, -3*n - s = -3*f. List the prime factors of f.
3
Suppose -3*i - 474 = -2*v - 2*i, 1185 = 5*v - 3*i. List the prime factors of v.
3, 79
Let t(h) = h**2 - 16*h - 21. What are the prime factors of t(19)?
2, 3
Suppose -8 = -o + 7. What are the prime factors of o?
3, 5
Let z(m) = -7*m + 11. List the prime factors of z(-10).
3
Let p(s) be the first derivative of -s**3/3 - 7*s**2/2 - s + 3. What are the prime factors of p(-5)?
3
Suppose -v + 13 - 10 = 0. Suppose 4*q - q - 14 = -5*d, -v*q - 6 = 0. What are the prime factors of d?
2
Let u(p) = p**3 - 5*p**2 + 3*p + 7. What are the prime factors of u(5)?
2, 11
Let k be (-1*-1*5)/1. Suppose k*x - 52 = -3*a, 4*a + 3*x = 2*x + 41. List the prime factors of a.
3
Let i(d) = 24*d + 75. List the prime factors of i(7).
3
Let t(z) = -z**2 + 14*z - 21. List the prime factors of t(11).
2, 3
Suppose -12*r + 211 = -245. List the prime factors of r.
2, 19
Let v be (10/4)/(-5)*0. Suppose v = -4*k + 6*k - 8. What are the prime factors of k?
2
Suppose -187 = -2*s - 3*d - 46, 0 = -2*d - 10. What are the prime factors of s?
2, 3, 13
Let z be 5 + 1 - (4 - 1). Suppose -w - 127 = -3*a, -4*a - w + 49 = -z*a. List the prime factors of a.
2, 11
Suppose 0 = -2*a + 4*a - 106. List the prime factors of a.
53
Suppose 0 = -b - j + 37, 4*b + 3*j - 6*j = 120. List the prime factors of b.
3, 11
Let h(f) = f**3 + 6*f**2 - 7*f + 8. Let b be h(-7). Let j = b + -2. List the prime factors of j.
2, 3
Let z(n) = -n. Let u(f) = -3*f - 5. Let i(j) = u(j) - 4*z(j). List the prime factors of i(8).
3
Let o(w) = w**2 + 9*w + 6. Let x be o(-8). What are the prime factors of (2 + 5/x)*-6?
3
Let c be -2*2*(-1 - -2). Let d be (-48)/(-10)*(-70)/c. Suppose k = -5*o - 3*k + d, -16 = -o - k. What are the prime factors of o?
2, 5
Let n(f) = -f**2 - 9*f - 9. Let s be n(-7). Suppose -2*g = -s*g + 78. List the prime factors of g.
2, 13
Let z = 60 - 32. Suppose 5*r - z = 12. List the prime factors of r.
2
Let d(r) = r**3 - 5*r**2 - 5*r - 4. Let h(n) = 3*n**2 + 2*n - 2. Let i be h(-2). Let o be d(i). List the prime factors of o/(-3) + (-32)/(-3).
2, 5
Let m = -9 + 12. Suppose 5*j - 109 = -4*i, m*j + 3*i - 65 = i. What are the prime factors of j?
3, 7
Let p be 804/28 - 2/(-7). Let o = p + -19. List the prime factors of o.
2, 5
Suppose 1 + 3 = -2*q, -94 = -5*z + 2*q. Suppose 2 = -2*c - z. List the prime factors of ((-1)/2*c)/1.
5
Let m = 82 - 51. Let q = -8 + m. What are the prime factors of q?
23
List the prime factors of 9 - (-1 - -3 - 0).
7
Let v be (-152)/(-5) - 2/5. Let d = 5 - 2. Suppose -v = -d*p - 3*k, 4*p = -k + 6*k - 5. What are the prime factors of p?
5
Let z be 12/5 + 4/(-10). Suppose h + 5 = z*h. What are the prime factors of h?
5
Suppose -4*l + 2*l = 4. What are the prime factors of -2*(l + -1 + 1)?
2
Let d be -9*(2 - (-16)/(-6)). List the prime factors of (-2)/3 - (-88)/d.
2, 7
Let q be (1 - (1 - 2)) + -1. Suppose q = 4*r - 87. Suppose h - 5 = -z, -r = -3*h + h + 4*z. What are the prime factors of h?
7
Let r(t) = 35*t**3 + 2*t**2 - t. List the prime factors of r(1).
2, 3
What are the prime factors of (-10)/(-4)*10*2?
2, 5
Suppose -145 = -8*b + 3*b. What are the prime factors of b?
29
Suppose 4*a = -2*k + 48, -6*a = -3*a + k - 38. Let r = a - 6. Suppose -4*t = r, 12 - 2 = 5*p + 5*t. List the prime factors of p.
2
Let p = -99 + 153. What are the prime factors of p?
2, 3
Let b(l) be the third derivative of -11*l**4/24 - l**3/6 + l**2. Let u be b(-1). Suppose -u = 2*v - 7*v. What are the prime fa